 Determine z(n).
4
Let x(y) = 2*y - 11. Let s be 6/30 - 92/10. Let q be (-9)/s*(-90 - 1). Let b be (-39)/q + 53/7. Give x(b).
5
Let s be 14/119 - 12/102. Let n(p) be the first derivative of -p**3/3 - 16*p + 11. Calculate n(s).
-16
Suppose 3*r + s = -0*s + 6, 2*s = 0. Let t(y) = -11*y**2 - 17*y + 7. Let v(f) = 2*f**2 + 3*f - 1. Let z(h) = t(h) + 6*v(h). Give z(r).
7
Let i = -35 + 30. Let h(q) be the third derivative of -q**4/12 + q**3/6 + 11*q**2. Calculate h(i).
11
Let j(l) = -3*l**3 - 14*l**2 + 3*l + 38. Let c(v) = -v**3 - 5*v**2 + v + 13. Let w(t) = 11*c(t) - 4*j(t). Let x = -521 + 521. Calculate w(x).
-9
Suppose 2*n = -5*l + 4*l + 5, 0 = 3*n - 5*l - 1. Let i(f) = -216*f**n - f**3 - 8*f + 101*f**2 + 109*f**2 - 5. Calculate i(-5).
10
Let d(c) = 0 - 2 + 7 + c**2. Let b(y) = y - 5. Let m be b(5). Suppose -3*x = -m*x. What is d(x)?
5
Let c(u) be the third derivative of -u**5/60 - 3*u**4/8 - u**3 + 77*u**2. Calculate c(-7).
8
Let m(k) = 263*k - 130*k + 1 + 1 - 136*k. Let s = 9 + -5. Let x = -2 + s. Give m(x).
-4
Let v = -41 + 45. Let p(l) = 2*l**3 - 8*l**2 - l + 7. Let w be p(v). Let h(k) = -2*k**2 + 3*k + 4. Determine h(w).
-5
Let a be (-3410)/1023*(-1)/(5/(-6)). Let g(d) = -2*d**3 - 4*d**2 + 4*d + 2. Calculate g(a).
50
Let g(b) = 0*b - 9*b - 10*b. What is g(1)?
-19
Suppose -27*q + 12 = -26*q - 3*v, 4*v + 16 = -q. Let f(h) be the third derivative of q*h + 2/3*h**3 - 5/24*h**4 + 1/60*h**5 + 0 + h**2. Determine f(4).
0
Suppose -u = -5*v + 3, -6 = 2*v - 0*u + 2*u. Suppose v = -i - i + 4. Let x(p) = 0 + 1 - 2*p + 4*p - 3*p + 2*p. Calculate x(i).
3
Let p be 6 + 0 + -2 + 1. Suppose 5*v - 5*d + d = 5, -p*v - 5*d + 50 = 0. Let l(k) = -k**3 + 5*k**2 - 5*k + 1. What is l(v)?
-24
Suppose 6*z + 60 = 78. Let o(f) = -3*f + 4. Determine o(z).
-5
Let x be 0/(-3) + -3 + -6. Let t = 2 + x. Let j(c) = -c**3 - 5 - 3 + 5*c - 4*c**2 - 2*c**2. What is j(t)?
6
Let h(a) = -1 - a - 3*a + 11*a - a**2 - 4*a. Calculate h(5).
-11
Let n(d) = d**3 - 7*d**2 - 2*d - 5. Let c(x) = -x. Let y(g) = 3*c(g) - n(g). Suppose 3*w = 6*o + 2*w - 45, o - 4 = -w. Determine y(o).
-2
Let z(b) be the third derivative of -8*b**2 + 0*b + 2/3*b**3 + 0 + 1/6*b**4 + 1/60*b**5. Let g(l) be the first derivative of z(l). Give g(-3).
-2
Suppose 0 = -2*z - 0*z + 3*u + 24, -4*z + 44 = -5*u. Let h(b) be the first derivative of 6*b + 2 + 2*b**2 + 1/4*b**4 - 7/3*b**3. Determine h(z).
-6
Let y(f) = f**2 - 4*f - 1. Suppose -41 = c - 44. What is y(c)?
-4
Let h(t) be the first derivative of t**4/4 + t**3/3 - t**2/2 + t + 1. Suppose -19*w - 52*w - 198 - 15 = 0. What is h(w)?
-14
Let r(w) = w - 3 - 3*w**2 + 8*w - w**3 + 0 - 6*w + 4. Determine r(-4).
5
Let o(z) be the first derivative of -z**3/3 - 5*z**2 - 8*z - 597. Give o(-7).
13
Let d(b) be the second derivative of b**5/20 + 7*b**4/12 - 5*b**3/6 + 5*b**2 - 112*b. Calculate d(-8).
-14
Let x(h) = -1. Let c(m) = m**2 - 4*m - 13. Let z(l) = -c(l) + 6*x(l). Let q = 391 - 385. Determine z(q).
-5
Suppose 4*y + 6 = y - 2*n, y = -2*n - 6. Let w(q) = -4*q + 2*q**2 + 3 - 3*q**2 + 3*q + 0 - q**3. What is w(y)?
3
Let i(f) be the third derivative of f**5/60 - f**4/4 + 2*f**3 + 640*f**2. Give i(7).
19
Let y = 123 - 119. Let r(h) be the third derivative of 0*h + 1/24*h**y + 1/6*h**3 + 0 + 4*h**2. Determine r(-6).
-5
Let y(i) be the first derivative of -1/4*i**4 - 2*i + 7/3*i**3 - 2*i**2 - 10. What is y(6)?
10
Let q(h) be the first derivative of h**3/3 - 13*h**2/2 - 18*h + 4. Let r be q(14). Let n(t) = t**3 + 4*t**2 + 3*t + 5. What is n(r)?
-7
Let t(v) be the second derivative of v**3/3 - v**2 - 104*v. Determine t(-5).
-12
Let p(z) = 2*z**2 - 3*z**2 + 1 + 4*z - 3349*z**3 - 5*z + 3371*z**3. What is p(1)?
21
Let c(a) = 1. Let z(n) = n**2 + 3*n - 2. Let b(o) = 4*c(o) + z(o). Let f = 737 - 742. Give b(f).
12
Let j(u) = u**2 - u. Suppose -26*n + 42 = 16*n. Calculate j(n).
0
Let w(r) = -3 + 4*r + 2 + 2 - 3*r. Let x be (-4)/(-26) - (-918)/117. Let q = 1 - x. Calculate w(q).
-6
Let s = -1043/12 - -87. Let f(d) be the third derivative of -3*d**2 - 2/3*d**3 + s*d**4 - 1/60*d**5 + 0*d + 0. Calculate f(3).
-7
Suppose -b - 2*b = t + 11, -3*b = 6. Let l(y) = 2*y**3 + 15*y**2 - 2*y - 15. Let r(w) = -w**3 - 7*w**2 + w + 7. Let c(v) = 2*l(v) + 5*r(v). What is c(t)?
0
Let t(n) = n**3 - 6*n**2 - 4. Let v = -239 - -244. Determine t(v).
-29
Let o = -5 - -5. Let z(b) = 11*b - 9. Let j(r) = -24*r + 18. Let q(n) = -6*j(n) - 13*z(n). Calculate q(o).
9
Let f(s) = s**2 + 1. Let r = 0 + 0. Let v(u) = u**2 - 11*u + 32. Let c be v(6). Let n = c - r. Give f(n).
5
Let s(o) be the second derivative of o**5/20 - o**4/3 + o**3/3 + o**2 + 2*o - 4. What is s(3)?
-1
Suppose -5*y = -n + 9, 2*y = -y - 5*n - 11. Let a = y - -4. Let q(x) = x**3 - 4*x + 3. Give q(a).
3
Let q(c) be the third derivative of -30*c**2 + 1/60*c**5 + 0 + 0*c + 1/3*c**3 - 1/3*c**4. Determine q(8).
2
Let d(p) = -p**2 - 2*p + 3. Let y = -4 + 7. Suppose 61 = 28*u - 303. Suppose 0 = j + y*w + u, 1 = 3*j - j - 3*w. Determine d(j).
-5
Let v(t) = -2*t**3 - 2*t**2 + t - 2. Suppose 2*a - 5*m = a + 21, -4*a - 1 = -3*m. Let b be 2*a/28*7. Give v(b).
4
Let g = -3 + 7. Let a(y) = -5 - 2 + 3 + y. Calculate a(g).
0
Let n = 7 - 5. Let f(k) be the third derivative of k**4/12 + k**3/6 - 9*k**2 + 4*k. Calculate f(n).
5
Let c(q) = 7*q - 1. Let l = -194 + 193. Give c(l).
-8
Let f(x) be the first derivative of 3*x**4/4 - x**3/3 + x**2/2 + x + 1. Suppose -h - 3 = 7*w - 2, -h = 2*w - 4. Determine f(w).
-4
Let i(l) = 10 + 0 - 5*l**2 + 9*l**2 + 7*l - 3*l**2. Let p be i(-6). Let g(m) = -m + 5. Calculate g(p).
1
Let d(y) = -2*y - 7. Let s be d(0). Let o(a) = 164 - 172 + 3*a - 5*a. Calculate o(s).
6
Let m(r) = 3*r + 174 - 528 + 161 + 176. Determine m(6).
1
Let w = -2 + -5. Let m(u) = u**2 + 6*u - 2. Let n be m(w). Let d(t) = -4*t + t**2 + n + 9*t - 2*t**2. What is d(5)?
5
Let l = 16 - 10. Let v(q) = -2*q - 6*q + 9*q + 3*q - q**2 + 3*q. Give v(l).
6
Suppose 55*n + 85 = 250. Let o(p) be the first derivative of -1/4*p**4 + p**n - 2*p + 5/2*p**2 - 5. Determine o(4).
2
Let d(c) = -c - 5. Let k be d(-5). Suppose 4*o - 10 - 22 = k. Let l(s) = 6*s + 15 - s**3 - 6 - 5*s**2 - o. Calculate l(-6).
1
Suppose -7 + 10 = -c. Let d(v) = -v**3 + v**2 + 3*v - 2. What is d(c)?
25
Suppose 6*z - 136 = -16. Suppose 0 = 3*p + 2*p + 3*l - z, 2*l = 5*p - 45. Let v(b) = -3*b + 7. Determine v(p).
-14
Let d(k) = -k**3 - 4*k**2 + 2*k - 6. Let f(x) = -x - 1. Let o(y) = d(y) - f(y). Let p be 2/4*(-2 + 2). Suppose p = 3*l + l + 20. Determine o(l).
5
Suppose -2*z = 2*f + 18, -4*z = 9*f - 10*f + 26. Let m(x) = -x - 7. Give m(z).
0
Let f(j) be the second derivative of -j**5/20 + 2*j**4/3 + j**3/6 - 5*j**2/2 - 2*j. Let n(x) = 2*x**3 - 21*x**2 + 25*x + 26. Let m be n(9). Give f(m).
3
Let w = -112 - -113. Let r(b) = b**2 - 2*b + 1. Give r(w).
0
Let m(u) be the second derivative of u**6/720 - u**5/12 - 5*u**4/3 + 21*u. Let g(n) be the third derivative of m(n). What is g(7)?
-3
Let n(k) = -k + 30. Let x(g) = -2*g + 88. Let q(v) = -17*n(v) + 6*x(v). Let y be q(-4). Let w(d) = d**3 + 2*d**2. Determine w(y).
0
Let w(z) = -2*z**2 - z + 4. Let p be 20/(-3)*12/5. Let r = p - -11. Let a(m) = 2*m**2 + 2*m - 5. Let h(y) = r*w(y) - 4*a(y). Determine h(2).
2
Suppose 136*r - 132*r - 16 = 0. Let d(l) = -l + 5. Calculate d(r).
1
Suppose -30 = -2*o + 10. Suppose -4*d - o = 4*j, 3*d + 4*j = 3 - 23. Let z(c) be the first derivative of c**4/4 - c**3/3 + c**2/2 + 9*c - 2. Give z(d).
9
Let z(m) = -12*m**2 - m + 1. Let p(d) = -d**2 + 1. Let i(b) = -p(b) + z(b). Calculate i(-1).
-10
Suppose -3*l - 2*i + 5 = 0, 4 = 5*l + 3*i - 3. Let a(s) = s - 1. Let r(u) = 6*u + 5*u**2 + 5 - 3 - 7. Let d(p) = l*r(p) + 6*a(p). What is d(-1)?
-6
Let d(a) be the first derivative of a**4/4 + 13*a**3/3 - 7*a**2 - 4*a + 209. Determine d(-14).
-4
Let r(z) = z**2 + 58*z - 43*z - 17*z - 4 - 9 + 2. Determine r(5).
4
Let k(s) = s**3 + 6*s**2 + 8*s + 7. Let g be (-10)/(10/(-2)) - 4. Let t be (-1197)/231 - (-1)/((-11)/g). Give k(t).
-8
Let l(k) = -k**3 + 6*k**2 - 8*k - 2. Let f(w) = -2*w**3 + 13*w**2 - 17*w - 1. Let u(r) = 3*f(r) - 5*l(r). Determine u(7).
28
Let t(m) = 7. Let r(v) = -v + 7. Let i(u) = -4*r(u) + 5*t(u). Let b = -60 - -54. Determine i(b).
-17
Let f(a) = -7*a**2 - 455*a - 2 + 456*a + 1. Suppose 2*s - s - 1 = 0. Calculate f(s).
-7
Let h(o) = 9*o*